{"id":2165,"date":"2022-09-28T10:03:34","date_gmt":"2022-09-28T13:03:34","guid":{"rendered":"https:\/\/novo.hsconsorcios.com.br\/?page_id=2165"},"modified":"2024-06-24T17:09:55","modified_gmt":"2024-06-24T20:09:55","slug":"simulador","status":"publish","type":"page","link":"https:\/\/demo.happ.com.br\/hsconsorcios\/simulador\/","title":{"rendered":"Simulador"},"content":{"rendered":"\t\t<div data-elementor-type=\"wp-page\" data-elementor-id=\"2165\" class=\"elementor elementor-2165\" data-elementor-post-type=\"page\">\n\t\t\t\t<div class=\"has_eae_slider elementor-element elementor-element-d462d8e e-con-full e-flex e-con e-parent\" data-id=\"d462d8e\" data-element_type=\"container\" data-settings=\"{&quot;background_background&quot;:&quot;classic&quot;}\">\n\t\t<div class=\"has_eae_slider elementor-element elementor-element-f5d44dc e-con-full e-flex e-con e-child\" data-id=\"f5d44dc\" data-element_type=\"container\" data-settings=\"{&quot;background_background&quot;:&quot;classic&quot;}\">\n\t\t\t\t<div class=\"elementor-element elementor-element-fe783b1 elementor-widget elementor-widget-integracao_simulador\" data-id=\"fe783b1\" data-element_type=\"widget\" data-widget_type=\"integracao_simulador.default\">\n\t\t\t\t<div class=\"elementor-widget-container\">\n\t\t\t    <div id=\"appSimulador\"><\/div>\n    <script>\n      window.AppSimuladorConfig = {\n        ajaxUrl: 'https:\/\/demo.happ.com.br\/hsconsorcios\/wp-admin\/admin-ajax.php',\n        text: {\n          step1: {\n            subtitle: 'Simule Agora!',\n            title: 'Qual ser\u00e1 a sua pr\u00f3xima conquista?',\n            optionsTitle: 'Escolha qual op\u00e7\u00e3o ideal para voc\u00ea:',\n          },\n          step2: {\n            title: 'Qual ser\u00e1 a sua pr\u00f3xima conquista?',\n            subtitle: 'Preencha seus dados',\n          },\n          step3: {\n            title: 'Parab\u00e9ns',\n            subtitle: 'Voc\u00ea est\u00e1 a um passo de realizar os seus sonhos',\n            message: 'Estamos buscando o corretor mais pr\u00f3ximo para te contatar.',\n          }\n        }\n      };\n    <\/script>\n    \t\t<\/div>\n\t\t\t\t<\/div>\n\t\t\t\t<\/div>\n\t\t\t\t<\/div>\n\t\t\t\t<\/div>\n\t\t","protected":false},"excerpt":{"rendered":"","protected":false},"author":12,"featured_media":0,"parent":0,"menu_order":0,"comment_status":"closed","ping_status":"closed","template":"","meta":{"_acf_changed":false,"inline_featured_image":false,"footnotes":""},"class_list":["post-2165","page","type-page","status-publish","hentry"],"acf":[],"_links":{"self":[{"href":"https:\/\/demo.happ.com.br\/hsconsorcios\/wp-json\/wp\/v2\/pages\/2165"}],"collection":[{"href":"https:\/\/demo.happ.com.br\/hsconsorcios\/wp-json\/wp\/v2\/pages"}],"about":[{"href":"https:\/\/demo.happ.com.br\/hsconsorcios\/wp-json\/wp\/v2\/types\/page"}],"author":[{"embeddable":true,"href":"https:\/\/demo.happ.com.br\/hsconsorcios\/wp-json\/wp\/v2\/users\/12"}],"replies":[{"embeddable":true,"href":"https:\/\/demo.happ.com.br\/hsconsorcios\/wp-json\/wp\/v2\/comments?post=2165"}],"version-history":[{"count":99,"href":"https:\/\/demo.happ.com.br\/hsconsorcios\/wp-json\/wp\/v2\/pages\/2165\/revisions"}],"predecessor-version":[{"id":17355,"href":"https:\/\/demo.happ.com.br\/hsconsorcios\/wp-json\/wp\/v2\/pages\/2165\/revisions\/17355"}],"wp:attachment":[{"href":"https:\/\/demo.happ.com.br\/hsconsorcios\/wp-json\/wp\/v2\/media?parent=2165"}],"curies":[{"name":"wp","href":"https:\/\/api.w.org\/{rel}","templated":true}]}}